s 163061 prime?
True
Is 8857 a prime number?
False
Is 4091 a prime number?
True
Is 250343 prime?
True
Is 246899 a composite number?
False
Is 4391 a prime number?
True
Is 18622 a prime number?
False
Is 77447 a composite number?
False
Is 39505 a prime number?
False
Is 1441259 a composite number?
False
Is 159785 composite?
True
Is 421457 a prime number?
False
Is 32177 prime?
False
Is 3841 a prime number?
False
Is 2041 a prime number?
False
Is 1351 a composite number?
True
Is 10007 a prime number?
True
Is 55987 a composite number?
False
Is 34433 a composite number?
True
Is 5557 a prime number?
True
Is 612713 prime?
True
Is 411 prime?
False
Is 31091 composite?
False
Is 13577 a composite number?
False
Is 556573 prime?
True
Is 34199 composite?
True
Is 154381 a composite number?
True
Is 13369 prime?
False
Is 27026 a prime number?
False
Is 3251 composite?
False
Is 67307 a prime number?
True
Is 1127767 composite?
False
Is 19267 a composite number?
False
Is 421567 composite?
True
Is 12661 composite?
True
Is 415331 prime?
False
Is 460673 a prime number?
True
Is 1823 a prime number?
True
Is 40213 composite?
False
Is 544097 composite?
False
Is 1946297 a prime number?
True
Is 11623 a composite number?
True
Is 2056094 composite?
True
Is 251733 a composite number?
True
Is 1949 prime?
True
Is 1243 composite?
True
Is 49493 composite?
True
Is 4441 prime?
True
Is 161509 composite?
True
Is 16671 composite?
True
Is 118661 a prime number?
True
Is 217901 a prime number?
True
Is 63029 prime?
True
Is 502697 composite?
True
Is 105871 prime?
True
Is 2787 a composite number?
True
Is 13117 a composite number?
True
Is 98179 prime?
True
Is 26771 composite?
True
Is 46 composite?
True
Is 28789 composite?
False
Is 2095279 composite?
True
Is 89537 a composite number?
True
Is 479 prime?
True
Is 564931 composite?
True
Is 59593 composite?
True
Is 9601 composite?
False
Is 26233 a composite number?
True
Is 311741 prime?
False
Is 1544577 composite?
True
Is 16997 prime?
False
Is 769 a prime number?
True
Is 10537 a composite number?
True
Is 330941 composite?
True
Is 93511 composite?
True
Is 701383 a composite number?
False
Is 349471 a composite number?
False
Is 131951 a composite number?
True
Is 1874645 composite?
True
Is 12841 a prime number?
True
Is 376093 a composite number?
True
Is 13646 composite?
True
Is 6257 prime?
True
Is 6218 composite?
True
Is 134479 prime?
False
Is 234817 a prime number?
False
Is 1263 a prime number?
False
Is 4327 a prime number?
True
Is 29905 prime?
False
Is 46891 composite?
True
Is 174733 composite?
True
Is 17309 a prime number?
False
Is 374287 a composite number?
False
Is 417371 a prime number?
True
Is 2489077 composite?
False
Is 116891 composite?
True
Is 14689 a composite number?
True
Is 4258 composite?
True
Is 7255 composite?
True
Is 180563 prime?
True
Is 1273483 a prime number?
True
Is 611353 a composite number?
True
Is 17903 a prime number?
True
Is 188563 composite?
False
Is 130111 a prime number?
False
Is 43861 prime?
False
Is 1639 prime?
False
Is 249397 a prime number?
True
Is 623 prime?
False
Is 2579 prime?
True
Is 161999 a prime number?
True
Is 16689 a prime number?
False
Is 161939 a composite number?
True
Is 856157 composite?
True
Is 3958 prime?
False
Is 26669 a prime number?
True
Is 3359 prime?
True
Is 14197 composite?
False
Is 1931 a composite number?
False
Is 41381 a prime number?
True
Is 358805 prime?
False
Is 122639 prime?
False
Is 10551 composite?
True
Is 19347 a prime number?
False
Is 8347 prime?
False
Is 9391 prime?
True
Is 100213 prime?
True
Is 11659 a prime number?
False
Is 86249 a composite number?
False
Is 41362 composite?
True
Is 2359 composite?
True
Is 22433 a prime number?
True
Is 24053 composite?
True
Is 11101 prime?
False
Is 8027 a composite number?
True
Is 133597 a composite number?
False
Is 211655 composite?
True
Is 9974 prime?
False
Is 317113 composite?
True
Is 323633 composite?
True
Is 1171133 composite?
False
Is 418667 composite?
False
Is 279878 composite?
True
Is 48791 a prime number?
False
Is 179971 composite?
True
Is 5730617 prime?
True
Is 18329 prime?
True
Is 211391 a composite number?
True
Is 79 prime?
True
Is 16273 prime?
True
Is 268403 a composite number?
False
Is 54722 prime?
False
Is 1693841 a prime number?
True
Is 19853 a prime number?
True
Is 19589 prime?
False
Is 1254899 a prime number?
True
Is 1781854 a composite number?
True
Is 12037 a prime number?
True
Is 119653 a prime number?
True
Is 43657 a composite number?
True
Is 134207 a composite number?
False
Is 222749 prime?
False
Is 177533 a composite number?
False
Is 32863 prime?
False
Is 630979 prime?
False
Is 7771 a composite number?
True
Is 8419 composite?
False
Is 36349 a composite number?
True
Is 834451 prime?
False
Is 8453 a prime number?
False
Is 1655 prime?
False
Is 16343 a composite number?
True
Is 19571 composite?
False
Is 24683 prime?
True
Is 3221 prime?
True
Is 6077 a prime number?
False
Is 33241 a composite number?
True
Is 5809 a prime number?
False
Is 1009 prime?
True
Is 2845 a composite number?
True
Is 1439 composite?
False
Is 5171 a prime number?
True
Is 521 prime?
True
Is 19949 a prime number?
True
Is 354829 composite?
False
Is 154981 prime?
True
Is 220051 a prime number?
False
Is 13649 a prime number?
True
Is 1923 a composite number?
True
Is 542 a composite number?
True
Is 499151 composite?
False
Is 6737 a prime number?
True
Is 127051 composite?
False
Is 52958 prime?
False
Is 26891 a prime number?
True
Is 10007 composite?
False
Is 42213 composite?
True
Is 47186 a prime number?
False
Is 8102063 prime?
True
Is 1758503 a composite number?
False
Is 65389 a prime number?
False
Is 34721 composite?
False
Is 10243 a composite number?
False
Is 517 a composite number?
True
Is 36037 composite?
False
Is 29947 a prime number?
True
Is 33997 a composite number?
False
Is 136111 prime?
True
Is 14809 a composite number?
True
Is 136691 a prime number?
True
Is 433891 a prime number?
False
Is 67271 a prime number?
True
Is 3243199 prime?
False
Is 4849 prime?
False
Is 1711 prime?
False
Is 1470479 prime?
False
Is 6449 a prime number?
True
Is 3746 composite?
True
Is 767 a composite number?
True
Is 83453 a prime number?
False
Is 3292927 a prime number?
False
Is 225247 a composite number?
True
Is 64483 prime?
True
Is 14921 prime?
False
Is 57413 prime?
True
Is 407 composite?
True
Is 36737 a composite number?
True
Is 72595 a composite number?
True
Is 153817 a prime number?
True
Is 56429 prime?
False
Is 174035 a composite number?
True
Is 21562 prime?
False
Is 62069 a prime number?
False
Is 13027 a composite number?
True
Is 338183 a prime number?
True
Is 5899 a composite number?
True
Is 45119 a composite number?
False
Is 24281 a composite number?
False
Is 76079 a prime number?
True
Is 3487 a prime number?
False
Is 4621 composite?
False
Is 14737 a prime number?
True
Is 20887 composite?
False
Is 2707699 a prime number?
True
Is 11335 a composite number?
True
Is 802073 composite?
False
Is 53309 a prime number?
True
Is 20731 a composite number?
False
Is 57521 composite?
True
Is 5098 a prime number?
False
Is 836917 a prime number?
True
Is 120539 prime?
True
Is 12197 composite?
False
Is 49561 a prime number?
False
Is 719 prime?
True
Is 86701 a composite number?
True
Is 1333 a composite number?
True
Is 1075487 a composite number?
True
Is 140521 a prime number?
True
Is 20959 prime?
True
Is 49523 prime?
True
Is 264289 composite?
False
Is 47249 prime?
False
Is 249611 composite?
True
Is 8013 composite?
True
Is 877 a prime number?
True
Is 1901 prime?
True
Is 599333 a composite number?
True
Is 42649 prime?
True
Is 5309 a composite number?
False
Is 3647 composite?
True
Is 61259 a prime number?
False
Is 58679 prime?
True
Is 134489 a composite number?
False
Is 648979 composite?
True
Is 7279 prime?
False
Is 13649 a composite number?
False
Is 116239 composite?
False
Is 1744697 a composite number?
False
Is 7151 a prime number?
True
Is 1123 a composite number?
False
Is 74791 a composite number?
True
Is 1178999 prime?
False
Is 8143 a composite number?
True
Is 141826 a composite number?
True
Is 86035 a composite number?
True
Is 74827 a composite number?
False
Is 602673 composite?
True
Is 8990005 a composite number?
True
Is 35971 prime?
False
Is 847615 a prime number?
False
Is 133459 a prime numbe